se
Let g = 4 - 10. Let w(p) = 35*p**2 - 13*p - 38. Let s(k) = -69*k**2 + 27*k + 77. Let u(m) = 3*s(m) + 7*w(m). Is u(g) composite?
True
Let v be (-17604)/36*(-28)/42. Let j = 45 - 1. Is (v/(-8)*2)/((-2)/j) a prime number?
False
Let n be (-16)/24*1418*6/8. Let h = n + 1187. Is h composite?
True
Let s = 511 + -502. Suppose 8485 + 113474 = s*q. Is q prime?
False
Let a be (88/(-55))/(4/(-10)). Let m(t) = 12*t**2 - 5*t - 11. Is m(a) composite?
True
Let o = 397742 - -41173. Is (o/(-174))/((-2)/4) prime?
False
Let q(l) = -11161*l**2 - l. Let t be q(1). Is t/4*(-22)/11 a composite number?
False
Let v = -277980 + 459061. Is v a prime number?
True
Let x = -33233 + 108610. Is x a prime number?
True
Let g = -9045 + 15802. Is g a composite number?
True
Let s be 2 - (-2 + -1 + (-6)/(-6)). Suppose s*h - 9757 + 1745 = 0. Is h a prime number?
True
Let q(a) = -47*a**2 + 15*a + 3. Let m be q(3). Let k = m - -1330. Is k prime?
False
Suppose q = 4*f + 19, -199 = -5*q - 5*f - 4. Suppose 33*n - q*n - 1082 = 0. Let w = n - -792. Is w prime?
True
Let d(o) = o**3 + 5*o**2 - 8*o - 6. Let v be d(-6). Suppose 3*l = 2*m + 3*m + 56, v = 3*l. Let s = m + 489. Is s a composite number?
False
Suppose -148*v + 152*v + 160847 = d, 804212 = 5*d + 3*v. Is d a composite number?
True
Let w be 1/(-2)*(-5)/((-10)/(-12)). Suppose 0 = w*b - 2*b - 3. Suppose 4*g = -b*q + 1007, -2*g = 4*q - 197 - 1129. Is q a composite number?
True
Let l(y) be the first derivative of -140*y**2 - 23*y - 40. Is l(-10) a prime number?
True
Suppose -14*v = -9*v + 4*x - 274841, 3*v - 3*x = 164937. Is v a prime number?
True
Suppose -7073 = -g - z, -z = -6*g - 4*z + 42426. Is g a composite number?
False
Suppose 3*k + 2*k + 2*x - 11870 = 0, -2*k + 5*x = -4748. Suppose -8*n = -k - 14850. Is n a composite number?
False
Let c = -7 - 11. Let n(i) = -3*i**2 + 20*i + 14. Let a be n(c). Let s = a - -2283. Is s a composite number?
True
Let i(u) = 27*u**3 - 20*u**2 + 10*u + 10. Let b be i(10). Suppose -4*n = -n - o - b, -2*n + 16750 = -4*o. Is n composite?
False
Let w = 285886 + -135599. Is w a composite number?
False
Is (20 + (-144085)/(-35))/((-2)/(-14)) composite?
True
Suppose 915*f + 24248749 = 932*f. Is f prime?
False
Is 209971/4 + ((-54)/90)/(24/(-10)) prime?
False
Let g(j) be the third derivative of -5*j**4/8 + 7*j**3/6 - 2*j**2. Let z(n) = 2*n**3 + 2*n. Let a be z(-2). Is g(a) composite?
False
Let u be (-6)/27 - (-32001)/27. Suppose 39*f - u = 34*f. Is f a composite number?
True
Let d(w) be the third derivative of 13*w**4/6 - 5*w**3/2 - 5*w**2. Let t = 33 - 22. Is d(t) prime?
True
Suppose 3*b + u - 16046 = 335667, -4*u = -4*b + 468972. Is b composite?
False
Let i(x) = 3*x**3 - 10*x**2 - 3*x - 21. Is i(10) a prime number?
True
Suppose 0 = 64*s - 29*s - 28*s - 1478981. Is s composite?
False
Let c(n) = 12327*n**2 + 27*n + 275. Is c(-8) prime?
False
Suppose -19*a - 5810 = 7281. Suppose -5*q + 6262 = -2*v, 3*v = -2*q - 0*v + 2520. Let b = a + q. Is b a composite number?
True
Suppose -4*s + 20*s - 71504 = 0. Suppose 27*a - 23*a = -r + 4493, 0 = r - 4*a - s. Is r prime?
True
Let a(k) = 113*k**2 - 18*k - 1057. Is a(-53) a prime number?
False
Let o be (-64)/(-24)*57/(-2). Let p = o - -80. Suppose -l = -5*w + p*l + 5110, w + 2*l = 1037. Is w a prime number?
False
Let o = -73 + 146. Suppose -72 = -5*i - 3*j, -3*i = 2*i + 2*j - o. Suppose 5*f - 1848 = -5*t + 4107, -i = -3*f. Is t a prime number?
False
Let s(q) = 47 + 235*q**2 + 66*q**2 - 95*q**2 + 12*q. Is s(-10) prime?
False
Let q = 331581 - 207092. Is q a composite number?
False
Let c(n) be the third derivative of 571*n**5/30 - n**4/4 + 31*n**3/6 + n**2 + 27. Is c(3) a composite number?
True
Let u be 24728/110 - (-2)/(10 + 0). Let a = -28 + u. Let b = 555 - a. Is b prime?
False
Let j(p) = -2*p**3 - p**2 - p + 4. Let h be j(-2). Suppose 36 = h*k - 6*k. Suppose 3*b + 2*c - 1841 - 534 = 0, -4*b = -k*c - 3161. Is b a prime number?
False
Let a(q) = -q**3 - q**2 + 557. Suppose -13*i + 15 = -10*i. Suppose 4*c + u = 5*u - 16, 20 = -4*c + i*u. Is a(c) a composite number?
False
Let n(k) = 17412*k**3 + k**2 + k + 1. Let x be n(-1). Let j = 32760 + x. Is j prime?
True
Let z(p) = p**2 - 5*p - 6. Let g be z(3). Let c(k) = -62*k + 107. Is c(g) composite?
True
Suppose -258*g - 73944654 = -304101036. Is g a composite number?
False
Let j be 1 + (2/(-8) - (-15)/(-20)). Suppose 69*b - 75*b + 51654 = j. Is b a composite number?
False
Is (-89043497)/(-344) - (10*1/(-16) - -1) prime?
True
Suppose -119391 = -37*r - r + 806707. Is r composite?
False
Let o = -8719 - -14390. Is o composite?
True
Let x = -27 - -30. Suppose -x*s + 2340 = -3*y, -5*y + s + 0*s - 3912 = 0. Let l = 1490 + y. Is l a prime number?
False
Is -8 + (-483)/24*-28998 - (-2)/8 composite?
False
Suppose -4*z - 3 = -s, 0*z + 2*z + 5*s = 15. Let g(p) = 16*p + 1403. Is g(z) prime?
False
Let i(p) = 2*p**2 - 1464*p + 499559. Is i(0) prime?
True
Suppose 6*k - 7*k - 9*k = 0. Is 8653 + 5 + (-5 - k) prime?
False
Let s(y) = -301043*y + 62 + 300906*y + 228. Is s(-25) a prime number?
False
Is (5898/14)/(-14 + 3383/238) a prime number?
False
Suppose 0*p - 528 = -4*p. Let q = -75 + p. Let z = q - 4. Is z prime?
True
Let l = 3718 - 1085. Is l prime?
True
Let j(t) = 14379*t**2 - 94*t - 280. Is j(-3) composite?
True
Suppose -55380105 = -81*l + 20584011 - 3076347. Is l a prime number?
True
Let g(b) be the second derivative of 35*b**3/6 - b**2 - 38*b. Let l be g(-7). Let h = 449 + l. Is h prime?
False
Let r(g) = g**3 + 8*g**2 + g - 8. Let t be r(-11). Let h = 675 + t. Is h composite?
False
Suppose 5*n + 19*r = 15*r - 10, 0 = -n + 3*r + 17. Suppose -3*g + 4*g - 1827 = 2*p, -3*g - n*p + 5497 = 0. Is g composite?
False
Let m(l) = 668*l + 2. Let f be m(3). Let u(v) = -18*v**2 - 18*v - 127. Let r be u(-8). Let t = r + f. Is t a prime number?
False
Let y(k) = -8250*k - 4363. Is y(-5) a composite number?
False
Let u(s) = -24675*s - 742. Is u(-15) a prime number?
False
Is -79 + 75 - 1*-11006 composite?
True
Let u(d) = -5*d**3 - 6*d**2 - 141*d - 37. Is u(-9) composite?
False
Let o = -38 + 55. Let l(p) = 2 + 3*p**2 - 14*p**2 + 5*p**3 + o*p - 6*p**3 + 4*p. Is l(-15) composite?
False
Let v = 1459 + 2098. Is v a composite number?
False
Suppose -31*g + 6*g + 1993210 = -15*g. Is g composite?
False
Suppose -21*r - 8534 = 22567. Let i = r - -3048. Is i a prime number?
True
Let d(g) = -20*g**2 - 37*g - 127. Let y be d(-26). Let f = y - -23226. Is f a composite number?
True
Let y(f) = -1222*f + 1437. Is y(-41) a composite number?
False
Let q = -8 - -323. Let a be ((-4)/3)/((-5)/(q/28)). Is -9 + 5 + 1514 + a composite?
True
Let t be (-3)/36 + (-5937)/36. Let c = t - -204. Is c a composite number?
True
Let i be (-4950)/45 - 10/(-2). Is 4938*(i/(-18) - 5) a composite number?
True
Suppose 5*f - 3*w - 684272 = 113700, -f + 2*w = -159607. Is f a composite number?
False
Let h(i) = -5720*i - 9611. Is h(-32) a prime number?
True
Let c = 490068 - 234617. Is c composite?
True
Suppose 2*a = 10, -4*y - 4*a - 34 = -106. Suppose 0*w + 151801 = y*w. Is w a composite number?
False
Suppose -q = 3*f - 330270 - 175311, -f = -3*q - 168527. Is f composite?
False
Let s = 282662 - 134559. Is s prime?
False
Let c(j) = 6*j - 41. Let g be c(8). Let t(u) = u**3 - 8*u**2 + 6*u + 10. Let f be t(g). Suppose f*h - 90 = -4*b + 8*h, h + 123 = 5*b. Is b a prime number?
False
Let p be 0 - (4736/4 - (4 - 0)). Let q = p - -3827. Is q composite?
False
Let j = 891837 + -581132. Is j a composite number?
True
Let g(d) = -2528*d - 4283. Is g(-38) a prime number?
True
Let v be (-1 - 7/(-3))/((-18)/(-27)). Suppose -297 = -2*n + 2*o + 1197, -v*n + 5*o = -1506. Is n prime?
True
Let f(j) = j**2 + 22*j - 98. Let n be f(-32). Suppose -6267 = -5*t - k, 5*k - 2738 = -2*t - n. Is t a prime number?
False
Let y(t) = -74384*t + 1881. Is y(-3) a composite number?
True
Let h(c) = 16*c - 1. Let d be h(-2). Let r = d - -24. Let i(o) = 15*o**2 - 9*o - 10. Is i(r) composite?
True
Let h(z) = -23*z**3 + 7*z**2 - 3*z - 24. Is h(-15) prime?
False
Let t(v) = 2*v**3 - 3*v**2 + 9*v - 12. Let q be t(5). Let m be ((-10)/(-20))/(1/q). Let k = m + 79. Is k a composite number?
True
Suppose -3*k + 2*b + 5114 = -2*k, 2*b = -6. Suppose 2*m - 5*c = 6*m - k, m - 1277 = 4*c. Is m a prime number?
True
Let x(d) be the second derivative of d**5/4 -